t is h(20)?
-51
Let c(g) = 8*g + 94. Calculate c(-13).
-10
Let y(w) = -8*w**2 + w - 4. Calculate y(2).
-34
Let s(y) = 4*y - 138. What is s(9)?
-102
Let l(k) = -23*k - 204. Determine l(-9).
3
Let x(f) = f**3 + 6*f**2 - 101*f + 138. What is x(-14)?
-16
Let a(t) = 5*t**2 - 80*t + 330. Determine a(4).
90
Let h(q) = 1468*q + 13206. Give h(-9).
-6
Let m(j) = j**3 + 11*j**2 - 9*j - 7. Give m(-8).
257
Let t(d) = -13*d + 231. Give t(17).
10
Let i(d) = 2*d**2 - 45*d + 250. Calculate i(10).
0
Let r(b) = 6*b**3 - 22*b**2 + 14*b - 6. Calculate r(2).
-18
Let z(a) = 11*a**2 + 15*a - 119. Calculate z(7).
525
Let n(q) = -2*q**3 + 44*q**2 - 42*q + 54. Determine n(21).
54
Let q(r) = -1736*r + 3514. Give q(2).
42
Let w(q) = -31*q + 341. Calculate w(15).
-124
Let m(o) = 844*o**3 - 5*o**2 + 7*o - 4. Calculate m(1).
842
Let p(y) = y**2 - 43*y - 1044. What is p(60)?
-24
Let w(b) = 624*b - 1213. Calculate w(2).
35
Let d(f) = f**3 + 21*f**2 + 26*f + 552. What is d(-21)?
6
Let z(r) = -2*r**2 + 8*r + 28. Calculate z(-10).
-252
Let w(t) = -t**3 + 25*t**2 - 79*t + 242. What is w(22)?
-44
Let l(t) = 3*t**2 + 9*t - 2. Determine l(-12).
322
Let d(c) = -2*c**3 + 29*c**2 - 16*c + 19. Calculate d(14).
-9
Let u(x) = -236*x**2 - 1651*x + 10. Give u(-7).
3
Let o(b) = -1675*b + 591274. What is o(353)?
-1
Let h(q) = 43*q + 35. What is h(-2)?
-51
Let u(n) = -29*n**2 - 1018*n - 100. Give u(-35).
5
Let p(g) = -g**2 + 52. Give p(4).
36
Let u(q) = -2*q**2 - 91*q + 667. Determine u(-52).
-9
Let u(c) = c**3 - 8*c**2 + 23*c - 44. Give u(9).
244
Let g(d) = 41*d + 13. Determine g(-3).
-110
Let j(o) = -8*o**3 - 7*o**2 + 381*o + 385. Determine j(-1).
5
Let i(u) = -9*u**2 - 42*u + 4. Calculate i(-5).
-11
Let r(s) = s**3 - 15*s**2 + 74*s - 214. Determine r(9).
-34
Let i(k) = 55*k + 327. What is i(-6)?
-3
Let y(u) = -103*u**2 - 302*u - 15. Determine y(-3).
-36
Let s(i) = -4*i**2 - 3*i + 127. What is s(0)?
127
Let o(a) = 284*a + 1418. Calculate o(-5).
-2
Let o(j) = -95*j**2 - 1131*j + 9. Give o(-12).
-99
Let n(w) = 2*w - 304. Determine n(43).
-218
Let y(b) = -21*b + 240. What is y(10)?
30
Let w(b) = 278*b + 3772. Calculate w(-13).
158
Let x(i) = i**3 - 9*i**2 - 91*i + 743. What is x(7)?
8
Let a(f) = 11*f**3 + 95*f**2 - 30*f + 82. What is a(-9)?
28
Let x(j) = j**2 - 22*j + 84. What is x(19)?
27
Let s(g) = -103*g - 5. What is s(-2)?
201
Let l(h) = -31*h + 407. Calculate l(14).
-27
Let g(p) = 115*p + 1839. Determine g(-16).
-1
Let z(w) = -w**2 + 103*w - 2176. What is z(71)?
96
Let s(l) = -71*l + 218. Calculate s(3).
5
Let m(l) = -5*l**2 + 6*l + 7. Calculate m(-2).
-25
Let q(p) = 3*p**3 + 9*p**2 + 8*p + 23. Calculate q(-4).
-57
Let a(k) = -6*k**2 - 390*k + 399. What is a(-66)?
3
Let t(r) = 102*r + 685. Determine t(-7).
-29
Let y(p) = -10*p**3 - 2*p**2 - 7*p - 8. What is y(-1)?
7
Let j(t) = 9*t**2 - 11*t - 12. What is j(-2)?
46
Let b(d) = 3*d**3 - 14*d**2 + 2*d + 26. Calculate b(6).
182
Let v(i) = i**2 + 352*i - 1784. What is v(5)?
1
Let j(q) = -19*q**2 - 58*q + 3. Calculate j(-4).
-69
Let m(t) = -40*t - 2152. Determine m(-41).
-512
Let s(h) = h**3 - 11*h**2 - 29*h - 7. Calculate s(-3).
-46
Let t(l) = -l**2 + 18*l - 80. What is t(10)?
0
Let v(q) = -349*q + 5591. Give v(16).
7
Let s(k) = 44*k - 2907. Determine s(66).
-3
Let m(f) = -22*f**2 + 30*f - 86. What is m(3)?
-194
Let c(j) = -5*j**2 - 75*j - 155. Give c(-14).
-85
Let q(f) = -2*f**2 - 16*f - 150. Calculate q(-6).
-126
Let t(p) = 21*p + 3010. What is t(-143)?
7
Let j(c) = c**2 + 69*c - 11686. Determine j(79).
6
Let x(p) = -p**3 + p**2 + 217*p - 1116. What is x(6)?
6
Let l(x) = -4*x**3 - 208*x**2 + 886*x - 555. Determine l(-56).
5
Let b(y) = -2*y**3 + 18*y**2 + 25*y + 97. Calculate b(11).
-112
Let j(h) = -5*h**2 + 58*h + 128. Calculate j(13).
37
Let y(f) = -3*f**3 + 74*f**2 + 25*f - 30. What is y(25)?
-30
Let o(a) = -a**2 - 183*a + 5204. Calculate o(25).
4
Let y(c) = -190*c + 578. What is y(3)?
8
Let o(m) = 4*m**2 + 24*m + 91. Calculate o(-5).
71
Let m(c) = -9*c**3 - 2*c**2 + 8*c + 14. Determine m(-2).
62
Let p(w) = 2*w**2 + 777*w + 13695. Determine p(-370).
5
Let j(n) = -48*n + 885. Determine j(16).
117
Let x(m) = 77*m**2 - 1. Give x(1).
76
Let r(n) = -2030*n + 6087. Give r(3).
-3
Let b(d) = 24*d**2 + 1056*d - 26. Determine b(-44).
-26
Let s(h) = -6*h**3 - h**2 + 2*h + 4. What is s(-1)?
7
Let k(r) = r**2 - 69*r - 358. Calculate k(-6).
92
Let j(i) = 2*i**2 + 181*i + 1048. Determine j(-6).
34
Let w(n) = 92*n**2 + 203*n - 203. Determine w(1).
92
Let a(v) = v**3 + 453*v**2 - 1394*v - 11858. What is a(-456)?
-2
Let u(a) = -16*a**2 + 11*a - 10. Give u(3).
-121
Let q(w) = -6561*w + 45920. Calculate q(7).
-7
Let v(r) = -43*r + 245. Determine v(3).
116
Let g(v) = 33*v - 217. Calculate g(6).
-19
Let n(r) = -2*r**3 - 195*r**2 - 93*r + 383. What is n(-97)?
-5
Let f(k) = -347*k + 18028. What is f(52)?
-16
Let b(c) = c**3 - 40*c**2 + 73*c - 1336. What is b(39)?
-10
Let b(s) = 453*s - 2. Calculate b(0).
-2
Let u(z) = 16*z + 72. Determine u(26).
488
Let h(c) = 45*c**3 - 2*c**2 + 3*c + 4. What is h(2)?
362
Let v(n) = -n**3 + 38*n**2 + 539*n - 12. Calculate v(-11).
-12
Let z(r) = -r**2 + 25*r + 2096. Calculate z(60).
-4
Let f(p) = 370*p + 1646. Calculate f(-4).
166
Let v(k) = -29*k + 168. Calculate v(7).
-35
Let m(z) = -z**3 + 3*z**2 + 73*z + 14. Give m(10).
44
Let u(h) = 4*h**2 + 149*h + 28. What is u(-35)?
-287
Let x(y) = -50*y - 57. What is x(3)?
-207
Let y(h) = 66*h + 1307. Calculate y(-40).
-1333
Let f(d) = 25*d - 341. Determine f(11).
-66
Let k(i) = i**2 - 111*i - 2316. What is k(129)?
6
Let i(w) = 21*w**3 + 4*w**2 - 14*w + 6. Calculate i(2).
162
Let x(m) = 4*m**2 + 229*m - 1640. Give x(7).
159
Let u(i) = 132*i + 6323. Determine u(-48).
-13
Let m(o) = o**3 - 9*o**2 + 4*o - 53. Calculate m(9).
-17
Let q(a) = 812*a - 9686. Determine q(12).
58
Let p(h) = -h**2 - 29*h + 220. Calculate p(-35).
10
Let v(d) = -d**3 + 119*d**2 + 496*d - 332. What is v(123)?
160
Let h(w) = -5*w**2 + 298*w + 352. What is h(61)?
-75
Let l(i) = 4*i + 164. Calculate l(-39).
8
Let w(a) = -35*a**2 + 566*a - 50. Give w(18).
-1202
Let n(a) = 2*a**2 + 12*a + 80. Calculate n(-11).
190
Let i(l) = 7*l**2 + 11*l - 388. Give i(7).
32
Let p(t) = -2*t**2 + 22*t - 20. What is p(9)?
16
Let c(p) = 598*p + 16147. Determine c(-27).
1
Let y(f) = -48*f + 708. Calculate y(13).
84
Let o(k) = -2*k**2 - 340*k - 4357. Calculate o(-156).
11
Let y(w) = -8*w - 184. Determine y(-14).
-72
Let x(n) = n**3 + 32*n**2 - 89*n - 25. What is x(3)?
23
Let v(h) = -h**3 - 11*h**2 - 53*h - 312. Give v(-9).
3
Let g(i) = -79*i**2 + 186*i - 4. Determine g(3).
-157
Let r(p) = -7*p**2 + 8*p + 93. Calculate r(-6).
-207
Let m(c) = -109*c**2 - 544*c - 5. What is m(-5)?
-10
Let c(j) = j**2 + 39*j - 215. Calculate c(-43).
-43
Let o(l) = -10*l**2 - 118*l - 75. What is o(-14)?
-383
Let j(q) = -2*q**3 + 8*q**2 - 16*q + 122. What is j(6)?
-118
Let l(s) = -2*s**3 + 37*s**2 + 48*s - 431. Determine l(19).
120
Let b(a) = -21*a - 371. Determine b(-17).
-14
Let j(b) = -642*b + 23179. What is j(36)?
67
Let u(i) = -2*i**2 - 4652*i - 50933. Give u(-11).
-3
Let j(a) = a**3 + 34*a**2 + 35*a + 49. Give j(-33).
-17
Let z(o) = -11*o**3 + 49*o**2 + 4*o + 64. Give z(5).
-66
Let z(p) = -503*p + 1004. Calculate z(2).
-2
Let r(b) = -23*b**2 - 111*b + 213. Calculate r(2).
-101
Let i(k) = -32*k**2 + 1793*k - 61. What is i(56)?
-5
Let o(d) = -d**3 - 7*d**2 + 6*d - 47. Calculate o(-8).
-31
Let m(z) = -z**3 + 126*z**2 - 950*z + 25. What is m(8)?
-23
Let y(o) = o**3 - 23*o**2 - 31*o + 110. Give y(24).
-58
Let r(o) = o**3 + 21*o**2 + 95*o + 70. Calculate r(-15).
-5
Let t(q) = 303*q + 441. Determine t(-2).
-165
Let a(r) = -2*r**2 + 172*r + 2323. Calculate a(-12).
-29
Let m(b) = -b**2 + 103*b - 18. Give m(0).
-18
Let g(f) = 345*f - 2066. Calculate g(6).
4
Let p(h) = 3*h**3 - 330*h**2 - 4*h + 433. Calculate p(110).
-7
Let a(k) = -32*k + 217. What is a(4)?
89
Let o(l) = -l**2 + 141*l - 2013. Give o(125).
-13
Let p(z) = 108*z + 200. What is p(1)?
308
Let j(d) = 45*d - 3992. What is j(93)?
193
Let x(p) = 4*p**2 + 364*p - 362. Determine x(1).
6
Let j(u) = 142*u + 392. Determine j(-3).
-34
Let n(i) = 3*i**3 - 2*i**2 - 9*i - 12. What is n(-3)?
-84
Let v(b) = -10*b**2 - 729*b + 66. Determine v(-73).
-7
Let z(n) = 1404*n - 1426. Determine z(1).
-22
Let a(h) = h**3 + 17*h**2 -